4/6 + 7*i**3/6 + i**2/2 - i + 245. Calculate d(5).
-14
Suppose 0 = 2*i - 2*g + 26, i - 4*g - 29 = 6*i. Let y(o) = -4*o - 10. Calculate y(i).
26
Let y(r) = r**3 + 7*r**2 + 6*r - 3. Let p be 1 + -1 - (-35)/(560/(-96)). Calculate y(p).
-3
Let q be (-12)/(1 - 4) + -2. Suppose 2*l + q*p + 13 = -3*l, -8 = 2*p. Let h(z) = -z**2 + 5*z + 4. Let b(t) = 6*t + 5. Let n(u) = -4*b(u) + 5*h(u). Give n(l).
-6
Suppose -5*j + 5*g = -0*g - 30, 3 = -3*j - 4*g. Let w be 10/2*j/5. Suppose 0*p - 2*p + r = -4, 4*p - w*r = 4. Let f(l) = -l**3 + 4*l**2 - 4. Give f(p).
-4
Let z(k) be the third derivative of k**5/60 - 11*k**4/24 + 2*k**3/3 - 41*k**2. Calculate z(11).
4
Let d(v) be the second derivative of v**5/20 + 5*v**4/6 - 11*v**3/6 + v**2/2 - 31*v. Let l(r) = r**3 + 9*r**2 - 10*r. Let w(u) = 4*d(u) - 5*l(u). What is w(-6)?
4
Let l(f) be the third derivative of 5*f**4/24 + 11*f**3/6 + 13*f**2. Give l(-9).
-34
Let l(f) = -f**2 - 7*f - 6. Let t = 147 + -145. Let x be 126/(-36) - t/4. Determine l(x).
6
Let v(t) = 7*t**3 - 17 - 4*t**2 + 22*t**2 + 30 - 14*t**3 + 33*t + 8*t**3. What is v(-16)?
-3
Let v(d) = 2*d**3 - d**2 - 4*d + 6. Let m be v(2). Let w(a) = a**3 - 5*a**2 - 4*a**2 + 10*a**2 + m. Give w(0).
10
Let m(n) = 20*n**3 - 17*n**2 - 28*n + 13. Let d(c) = 11*c**3 - 9*c**2 - 15*c + 7. Let p(j) = 11*d(j) - 6*m(j). Determine p(-5).
-66
Let d = -13 + 43. Let a = -30 + d. Let o(z) = z + 5. Calculate o(a).
5
Suppose -5*b - 30 = 5. Let n(c) = -4*c**3 + 24*c**2 - 32*c - 14. Let p(d) = d**3 - 8*d**2 + 8*d + 4. Let o(f) = 2*n(f) + 7*p(f). What is o(b)?
7
Suppose 4*l - 8 = 2*l. Let z(y) = -3*y**2 - 15*y + 3. Let w = 4 - 7. Let b(u) = 2*u**2 + 8*u - 1. Let d(h) = w*z(h) - 5*b(h). What is d(l)?
0
Let u(s) = 17*s + 10*s - 56*s + 2 + 16*s + 17*s. What is u(3)?
14
Let b = -6 + 8. Let o(n) = -5*n**3 + n**2 - n + n**b - n**2 - 1. Let w be 2 + -7 + (18 - 4 - 10). Give o(w).
6
Let x be (-63 - -53)*6/20. Let w(v) be the third derivative of v**6/120 + v**5/12 + v**4/6 - v**3/6 - v**2. Determine w(x).
5
Let m = 57 + -48. Let x = m + -6. Let v(g) = g**2 - 1. Give v(x).
8
Let f(k) = -k**2 + 7*k - 11. Suppose o - 17 = -3*h, 3*h - 1 = 2*o + 1. What is f(h)?
1
Let r(h) be the third derivative of -h**5/60 - h**4/6 + h**3/6 - 179*h**2. Give r(-2).
5
Let u(y) = -y - 8. Let l = 26 - 36. Let z be u(l). Suppose -2*j + z*p - 6 = 0, 2*j - 3*p + 4 = -2*p. Let m(k) = -7*k**2 + k + 1. What is m(j)?
-7
Suppose 44*u + 219 + 89 = 0. Let z(r) = 4*r + 8. Give z(u).
-20
Let h(y) = 8*y + 1. Let b(p) = 6*p + 1. Let d(x) = -5*b(x) + 4*h(x). What is d(-1)?
-3
Suppose 0 = -m, -2*z - 7 = -3*m + 3. Let l(c) = -c**2 - 7*c - 3. Give l(z).
7
Let x(d) = -14*d - 7. Let f(q) = -60*q - 29. Let g(p) = 2*f(p) - 9*x(p). Give g(-5).
-25
Let p(b) = 32 + 0*b**2 + b**3 - 35 + 2*b + 2*b**2 - 2*b**3 + 2*b**2. Give p(4).
5
Let i(z) = -6162*z + 6174*z + 6 - 2*z**2 + 3*z**2. What is i(-5)?
-29
Let r(j) = j - 4. Let i(h) = 6*h**3 + h**2 - h. Let k(a) = a**3 - 3*a**2 - 4*a + 6. Let o be k(4). Suppose -2 = -o*g + 4*g. Let m be i(g). Calculate r(m).
2
Let z(d) = d + 5. Let s(l) = -5*l - 22. Let j(v) = s(v) + 4*z(v). Let m be -3 - ((-4)/2 + 5). Calculate j(m).
4
Let q be (-4)/(-22) - (-636)/132. Let f(l) be the second derivative of -5/6*l**3 + 5/2*l**2 + l + 0 + 1/12*l**4. Calculate f(q).
5
Let q(v) = -8*v**2 + v - 16. Let k(y) = -3*y**2 - 7. Let g(n) = 5*k(n) - 2*q(n). What is g(-2)?
5
Let c(o) = 2*o**2 - 5*o + 2. Let i be c(2). Suppose 2*k - 6*k + 28 = -4*n, 0 = -5*k + n + 19. Let v(m) = i + m + k - 5. Calculate v(4).
2
Suppose -3*b = -2*p - 9, -p - 9 = -3*b - 3*p. Let l(t) = 4*t - 6 + 9 - t**b + 2*t**3. Determine l(-2).
-13
Let s be (-9)/(-11) - (-4)/22. Let g(b) = b**3 - b. Let m(q) = -3*q**3 + 6*q**2 - 3*q - 7. Let k(j) = s*m(j) + 2*g(j). Let o be 4/10 - (-23)/5. What is k(o)?
-7
Let a(j) = -j + 17. Let b = -146 + 158. Give a(b).
5
Let d be 2 - (3 + -3)/(-3). Suppose -10 = -k - x, 2*k - 9 = k - 2*x. Let a(v) = d*v - v**2 - k - 2*v - 5 + v**3. What is a(0)?
-16
Let f(o) = -370 + 4*o + 370. Give f(-1).
-4
Let l be 10/2 + (-10)/5 + 5. Suppose -4*o = -3*s - 13 - l, -4*s - 21 = -3*o. Let i(v) = 2 - 2*v + 6*v - 2*v. What is i(s)?
-4
Let x(n) = n - 4. Let g be x(5). Let i = -21 + 24. Let j(h) = -3*h**i - 6 - 3*h**3 + 5 + 0*h**3 + 2*h - 2*h**2. What is j(g)?
-7
Let d(t) be the second derivative of -2*t**3 - 3*t**2 - 11*t. Let o(l) = l - 1. Let b(q) = d(q) - 5*o(q). Calculate b(-1).
16
Let x(c) = -c**2 + c + 10. Let f(z) = -3*z + 30. Let s be f(10). What is x(s)?
10
Let r(p) = 0*p + 11403 + 4*p - 11402. Suppose -5*g - 6 + 1 = 0. Let w = -2 - g. What is r(w)?
-3
Let k(h) = 112 + 114 + 2*h - 234. Calculate k(5).
2
Let v(a) be the third derivative of 1/6*a**3 - 3/8*a**4 + 28*a**2 + 0*a + 0 + 1/60*a**5. Determine v(9).
1
Suppose -4*w + w - 4*p = 11, -2*w = -5*p - 31. Suppose 0 = -5*d + y - 10, w*d - y = 2*y - 18. Let h(q) = -13*q**2 - 1. What is h(d)?
-14
Let l be 2/3*(6 - 33/22). Let x(d) = -5*d + 3. Calculate x(l).
-12
Let d(b) = -b**3 + 2*b**2 + 2. Let c = 110 + -104. Let p be ((-4)/c)/1*(-13 - -10). Give d(p).
2
Let z(u) = 2*u + 1. Suppose -19*p - 25 = -24*p. Determine z(p).
11
Suppose x - 43 = m - x, 2*x - 94 = 2*m. Let h = -46 - m. Let q(z) = 3*z - 3. Determine q(h).
12
Suppose -3*b - 127 = 11. Let h = -45 - b. Let p(f) = -2*f**3 - f**2 + 1. Calculate p(h).
-2
Let f be (-989)/86 + (-6)/(-4). Let c(k) = -k - 4. Determine c(f).
6
Let j(p) = -p**3 - 10*p**2 - 9*p - 5. Suppose -859*t = -862*t - 27. What is j(t)?
-5
Let r(t) = -5 - 4 + 552*t - 567*t + 13. Calculate r(-3).
49
Let a(l) = 4*l**2 + 24*l - 24. Let i(q) = q**2 + q - 6. Let h(y) = -a(y) + 3*i(y). Determine h(-21).
6
Let h(z) = -25*z + 12. Let b(x) = -6*x + 3. Let f(g) = 9*b(g) - 2*h(g). Give f(-5).
23
Let i be (-8 - 2)/(-10) + 1/(-1). Let s(u) = u**3 + u**2 - 7. Calculate s(i).
-7
Suppose 3*f + 31 = x, 4*f - 20*x = -23*x - 24. Let t(q) = -q**3 - 9*q**2 - 2*q - 10. What is t(f)?
8
Let y(o) = -o + 3*o - 6 - 4*o + 0*o. What is y(-4)?
2
Let n(f) = -3*f**3 - 25*f**2 + 23*f - 5. Let q(a) = -2*a**3 - 17*a**2 + 16*a - 3. Let h(l) = 5*n(l) - 7*q(l). Give h(-6).
-22
Let q(y) be the first derivative of -y**5/60 + 5*y**4/24 + 7*y**3/6 + 3*y**2 - 15. Let s(n) be the second derivative of q(n). Determine s(6).
1
Let c(r) = 2. Let s(a) = 39*a - 234. Let f(b) = -117*c(b) - s(b). Give f(1).
-39
Let h be (57/(-4))/(24/(-32)). Let f(k) = -k - k + h - 24. Calculate f(-4).
3
Let n(i) be the second derivative of -i**5/60 + i**4/2 + i**3 + 10*i**2 + 6*i - 3. Let q(x) be the first derivative of n(x). Determine q(12).
6
Let r be (-2)/5 + 405/75. Let p = 9 - 4. Let s(x) = 4 + 2 - p*x + 2*x**2 - x**2. Give s(r).
6
Let j(b) = -b**3 + 3*b**2 - 4*b + 6. Let p(o) = -o**2 + 22*o - 117. Let i be p(10). Calculate j(i).
-6
Let u(s) = s**3 - 16*s**2 + 22*s - 17. Let o be u(15). Let n = 86 - o. Let j(f) = f**3 + 2*f**2 + 2. What is j(n)?
2
Let d(z) = -104 - 5*z + 73 + 47 + 4*z. Give d(10).
6
Let q be (-4 - (-3)/1)*(-2 - -2). Let u be 2 + (2 - 5) - q. Let b(w) = 16*w**3 - w**2 - w - 1. Give b(u).
-17
Let y(p) = -2*p + 8. Let x = 81 + -79. Suppose 3*d + x + 16 = 0. Give y(d).
20
Let m(x) = -7*x**2 + 3*x + 5. Let v(c) = 3*c**2 - c - 2. Let l(q) = -4*m(q) - 9*v(q). What is l(3)?
-2
Let v = -16 + 9. Let m(l) = 7*l**2 + l - 3. Let y(t) = 8*t**2 + 2*t - 4. Let r(d) = v*m(d) + 6*y(d). Calculate r(5).
-3
Let r be (1 - (0 + 4))/((-132)/88). Let g(a) = -2*a + 2*a**3 + 7*a - a - 3*a**3 - 4*a**r. Calculate g(-5).
5
Let k(y) = 0*y - 5*y - y**2 - 486 + 485. Determine k(-5).
-1
Let f be (-171)/33 - (-14)/77. Let g(h) be the third derivative of h**5/60 + h**4/6 - h**3/6 - 90*h**2. Calculate g(f).
4
Let u(c) be the first derivative of -4*c - 2/3*c**3 + 1/4*c**4 - 34 - c**2. Suppose 16 = 5*f + 1. Determine u(f).
-1
Suppose 21*b - 56 = 35*b. Let f(k) = k**3 - 6*k**2 + k - 8. Let t be f(6). Let l = b - t. Let q(n) = 3*n**2 + 1. Calculate q(l).
13
Suppose 0*l - 4*l = -120. Suppose -4*j - j = -l. Let w(k) = 2*k - 5. Calculate w(j).
7
Suppose v = 5*f + 6*v - 15, 0 = -f + 2*v + 3. Let k be (5 - f) + 1 + 0. Let n(y) = -y**3 - 3 + y - 8*y - 3*y + 9*y + 3*y**2. Calculate n(k).
-6
Let q(z) be the third derivative of z**6/120 + 2*z**5/15 - z**4/4 + 7*z**3/2 - 260*z**2. Determine q(-9).
-6
Let o(x) = -x**3 + 6*x**2 - 6*x + 1. Suppose 0 = 6*b - 5*b - 8. 